9400*h**2 + 15*h - 1509. Calculate p(100).
-9
Let z(g) = 898*g - 37579. Determine z(42).
137
Let a(f) = -3*f**2 + 1261*f + 36204. Calculate a(-27).
-30
Let o(u) = u**2 + 41891*u - 1761200. Give o(42).
-14
Let q(y) = 21989*y + 6354820. Determine q(-289).
-1
Let x(n) = 31*n**2 + 4379*n + 13135. Determine x(-3).
277
Let w(r) = -2*r**3 - 3*r**2 + 154*r + 462. Give w(-3).
27
Let b(t) = -t**3 + 138*t**2 - 2763*t + 649. Give b(24).
1
Let s(v) = 449*v + 38179. Give s(-85).
14
Let q(h) = 2*h**3 + 258*h**2 + 758*h + 31737. Calculate q(-127).
-13
Let i(t) = -2*t**2 + 739*t - 32468. Determine i(49).
-1059
Let d(j) = -j**3 - 312*j**2 + 32820*j + 13839. Determine d(-395).
14
Let t(r) = -4*r**3 - 38*r**2 + 162*r + 24. Determine t(4).
-192
Let h(l) = 2*l**3 - 1320*l**2 - 16119*l - 5997. Calculate h(672).
51
Let c(u) = -2*u**2 - 2*u + 5779. Give c(51).
475
Let a(v) = -2880*v - 159115. What is a(-55)?
-715
Let j(g) = 8*g**2 + 321*g - 67377. Determine j(-114).
-3
Let j(l) = -31*l**3 + 2222*l**2 - 3644*l + 290. What is j(70)?
10
Let l(b) = -2*b**2 - 11570*b - 150085. Give l(-13).
-13
Let z(y) = 9*y**2 + 91*y - 252. Give z(-21).
1806
Let a(n) = 16*n**2 - 290*n - 6808. Determine a(32).
296
Let k(f) = f**3 - 1623*f + 29. Give k(0).
29
Let z(a) = a**3 + 46*a**2 - 38*a - 5528. Determine z(-44).
16
Let p(a) = 684*a - 14992. What is p(22)?
56
Let a(c) = -12*c**2 - 900*c + 2543. What is a(-78)?
-265
Let t(b) = -119*b + 744. Give t(5).
149
Let y(m) = -m**3 - 36*m**2 - 345*m - 27. Determine y(-21).
603
Let r(d) = -74*d**2 - 135*d + 272. Give r(2).
-294
Let a(y) = y**3 - 18*y**2 - 348*y - 489. What is a(-18)?
-5889
Let v(a) = a**3 + 7*a**2 + 67*a + 417. What is v(-5)?
132
Let i(j) = 5*j**2 + 388*j + 1674. Determine i(-77).
1443
Let r(q) = 214*q**2 - 413*q - 10. Determine r(2).
20
Let p(o) = -130*o**2 + 5002*o + 25045. Give p(-5).
-3215
Let t(s) = -4410*s + 97007. Give t(22).
-13
Let t(f) = 6*f**2 - 855*f + 17377. Determine t(20).
2677
Let p(h) = 4079*h - 171318. Give p(42).
0
Let n(a) = a**3 - 12*a**2 - 44*a + 466. Give n(6).
-14
Let s(w) = -5*w**3 - 90*w**2 + 115*w - 30. Calculate s(-19).
-410
Let i(l) = -8048*l + 40256. Give i(5).
16
Let k(m) = 40*m**2 - 3681*m + 7279. Give k(90).
-11
Let l(o) = 184*o**2 - 3300*o - 209. Give l(18).
7
Let c(b) = 205*b - 9509. What is c(44)?
-489
Let r(v) = -v**2 - 1412*v - 16773. Calculate r(-12).
27
Let u(o) = 144*o + 10876. Give u(-81).
-788
Let j(i) = -i**3 - 114*i**2 + 135*i - 11175. What is j(-116)?
77
Let b(h) = -1282735*h + 6413674. What is b(5)?
-1
Let p(q) = 7*q**2 - 599*q + 915. Give p(84).
-9
Let h(r) = -7*r**3 + 32*r**2 + 384*r - 47. Calculate h(10).
-7
Let g(v) = -v**3 - 31*v**2 - 346*v - 2947. Give g(-21).
-91
Let i(f) = 3033898*f - 12135608. Determine i(4).
-16
Let l(m) = 6572*m + 1445839. Calculate l(-220).
-1
Let a(v) = -v**2 + 8447*v + 5592485. Give a(-617).
-3
Let h(f) = -1520*f - 11997. Give h(-8).
163
Let p(b) = -1435*b - 26830. What is p(-20)?
1870
Let j(q) = -14*q**3 + 970*q**2 - 95*q - 12475. Determine j(69).
14
Let k(p) = p**3 + 18*p**2 + 70*p + 426. Determine k(-13).
361
Let p(r) = r**2 + 305*r + 7474. Calculate p(-278).
-32
Let u(w) = 7651*w + 803487. Determine u(-105).
132
Let l(w) = 2*w**3 - 22*w**2 + 44*w - 152. Determine l(6).
-248
Let y(a) = 3982*a - 840172. What is y(211)?
30
Let x(y) = -y**3 - 261*y**2 + 36*y + 7780. Calculate x(-261).
-1616
Let o(y) = y**3 - 921*y - 4503. Determine o(-5).
-23
Let h(d) = 5*d**3 + 59*d**2 - 11*d - 18. Determine h(6).
3120
Let f(a) = 429*a - 49895. What is f(116)?
-131
Let v(q) = q**3 - 30*q**2 - 164*q + 3234. What is v(32)?
34
Let r(x) = -458*x**2 - 10543*x - 175. Calculate r(-23).
32
Let o(r) = 1058149*r - 3174451. What is o(3)?
-4
Let y(w) = w**3 - 203*w**2 - 84*w + 17029. Calculate y(203).
-23
Let c(w) = -3*w**3 - 773*w**2 - 466*w + 12317. Determine c(-257).
-19
Let b(x) = 3908*x - 3818. What is b(1)?
90
Let y(w) = 739*w + 71733. Determine y(-97).
50
Let r(q) = -7174*q + 42935. Determine r(6).
-109
Let z(a) = -14*a**2 - 2634*a + 295456. Calculate z(79).
-4
Let y(r) = 7*r**2 - 97*r + 1034. What is y(-14)?
3764
Let j(u) = -3*u**3 - 44*u**2 - 320*u - 53. Determine j(-7).
1060
Let d(m) = 63*m**2 - 29416*m - 2346. Calculate d(467).
-11
Let l(f) = 44953*f**2 - 269719*f + 16. What is l(6)?
10
Let f(o) = 1789*o**2 - 17878*o + 32. What is f(10)?
152
Let t(x) = -4*x**3 - 44*x**2 + 250*x - 250. Calculate t(-15).
-400
Let o(v) = -46*v**2 + 2067*v + 137. Give o(45).
2
Let z(n) = 4*n**3 + 4086*n**2 + 30420*n - 1. What is z(-1014)?
-1
Let n(i) = -5*i**3 - 32*i**2 + 478*i + 3172. Calculate n(-7).
-27
Let i(a) = a**3 + 508*a**2 - 492*a + 8759. Calculate i(-509).
106
Let i(j) = -13836*j + 27670. What is i(2)?
-2
Let p(u) = 413740*u - 14480909. Determine p(35).
-9
Let y(f) = -3*f**2 + 1291*f - 77677. What is y(358)?
9
Let z(a) = -a**2 + 857*a + 10356. What is z(-12)?
-72
Let o(b) = b**2 + 880*b - 450773. Give o(363).
436
Let g(s) = -1153*s + 386144. Determine g(335).
-111
Let i(s) = -3*s**3 + 5*s**2 + 51*s + 51. What is i(-3)?
24
Let k(m) = 21851*m + 7451189. What is k(-341)?
-2
Let j(g) = 5973*g + 197313. Give j(-33).
204
Let z(g) = 21719*g - 390962. Determine z(18).
-20
Let u(b) = -116028*b - 232390. What is u(-2)?
-334
Let w(d) = d**2 - 8868*d - 240171. Give w(-27).
-6
Let c(r) = -3*r**3 - 403*r**2 + 3258*r - 1171. Calculate c(-142).
-35
Let f(w) = w**2 - 20927*w - 586716. Give f(-28).
24
Let z(j) = j**3 + 25*j**2 + 4423*j + 120879. Determine z(-27).
0
Let b(j) = j**3 - 8*j**2 - 36*j + 50. What is b(10)?
-110
Let l(r) = -14*r**2 - 366*r - 121. Determine l(-25).
279
Let j(r) = 3*r**2 - 303*r - 954. What is j(103)?
-336
Let p(o) = 1036172*o + 9325550. Give p(-9).
2
Let n(k) = -2*k**3 - 160*k**2 - 1553*k - 2655. Determine n(-69).
-240
Let u(w) = w**3 - 3463*w**2 - 52238*w - 1012. Give u(-15).
8
Let p(u) = -5*u**2 + 556*u + 2244. Give p(-4).
-60
Let g(m) = -136*m - 22107. What is g(-157)?
-755
Let j(l) = -2892*l + 22673. What is j(8)?
-463
Let z(b) = b**3 - 116*b**2 + 989*b - 1. Give z(0).
-1
Let h(s) = -36*s**2 - 212*s + 160. Calculate h(-6).
136
Let c(t) = 488*t - 263509. Determine c(540).
11
Let z(a) = 2867*a - 1089460. What is z(380)?
0
Let u(v) = 256549*v + 13084000. Give u(-51).
1
Let s(w) = 331*w - 3961. Give s(12).
11
Let y(x) = 360*x - 4260. What is y(12)?
60
Let o(v) = -2*v**2 - 44*v + 3381. Calculate o(37).
-985
Let r(w) = -w**2 + 294*w - 19668. What is r(191)?
5
Let d(k) = 71276*k - 498937. Determine d(7).
-5
Let k(y) = -8*y**3 - 1021*y**2 + 362*y - 2773. What is k(-128)?
43
Let f(d) = 4*d**2 - 896*d - 26022. Calculate f(-26).
-22
Let y(c) = c**3 + 344*c**2 + 26450*c + 218. Determine y(-116).
-14
Let n(h) = -78184*h - 157571. Calculate n(-2).
-1203
Let r(z) = -2*z**3 - 25*z**2 + 1458*z + 18805. What is r(-13)?
20
Let o(q) = q**3 + 74*q**2 - 10816*q - 789117. Calculate o(-72).
3
Let f(t) = -t**3 - 24*t**2 - 39*t + 204. Determine f(-18).
-1038
Let y(d) = d**3 + 22*d**2 - 3733*d + 504. Determine y(51).
-6
Let j(l) = 291*l - 49822. What is j(171)?
-61
Let i(f) = -f**2 + 225*f - 81. Give i(0).
-81
Let k(o) = 10146*o**2 + 50715*o - 71. Calculate k(-5).
4
Let j(z) = -119*z + 587. Calculate j(4).
111
Let i(k) = 743*k + 28908. What is i(-39)?
-69
Let i(b) = -b**2 - 6979*b + 125940. Determine i(18).
-6
Let b(x) = -412*x - 4799. What is b(-13)?
557
Let h(y) = -y**3 + 100*y**2 - 1135*y + 28. Calculate h(13).
-24
Let d(n) = -12*n**3 - 14*n**2 + 56*n - 49. Determine d(2).
-89
Let b(n) = 564*n - 80718. Give b(143).
-66
Let p(f) = -27*f**2 + 182*f + 542. Give p(-3).
-247
Let w(s) = s**2 + 44355*s - 2798341. What is w(63)?
-7
Let p(q) = -q**3 + 8*q**2 - 105*q + 664. Calculate p(7).
-22
Let f(t) = -t**3 - 119*t**2 - 1477*t - 23. What is f(-14)?
75
Let n(d) = -49*d**2 + 11293*d - 3264. Determine n(230).
2026
Let f(l) = 283*l - 45096. Determine f(159).
-99
Let m(i) = i**3 + 156*i**2 + 35810*i + 5293311. Give m(-151).
6
Let r(j) = 83*j + 4377. Give r(-44).
725
Let n(f) = -333*f - 40920. What is n(-123)?
39
Let j(y) = 1127121*y - 9016953. Calculate j(8).
15
Let x(r) = -r**3 + 15*r**2 + 266*r + 288. Determine x(-10).
128
Let j(o) = -o**2 + 2631*o - 31434. Determine j(12).
-6
Let p(r) = 1272*r - 20965. Give p(16).
-613
Let u(w) = 4*w**3 - 39*w**2 + 115*w - 10. Calculate u(5).
90
Let h(z) = z**3 + 